 -146 + 190. Suppose 0 = 2*x - 814 - a. What are the prime factors of x?
3, 11, 13
Let w = 18 - 9. Suppose w*s = 2*s + 7980. Suppose 0 = 7*r - s - 491. What are the prime factors of r?
233
Suppose 5*i - 2*v - 186735 = 0, 665*i - 112041 = 662*i - 3*v. List the prime factors of i.
3, 59, 211
Suppose s - 4*n = 602, -2*s = -5*s + 2*n + 1836. Suppose -2*g - 4*w = -s, -96 + 1062 = 3*g - 3*w. List the prime factors of g.
317
Suppose 0 = -190*s + 194*s - 868. Let b = 79 + s. What are the prime factors of b?
2, 37
Let g(t) = 4*t**3 - 14*t**2 + 6*t + 10. Let x(k) = k**3 - 5*k**2 + 3*k + 10. Let p be x(4). List the prime factors of g(p).
2, 7, 29
Suppose 4*j - w - 6887 = 0, w = 24*j - 26*j + 3451. What are the prime factors of j?
1723
Suppose -3*q = -4*n, 0 = 4*q - 3*n - 2*n - 1. Suppose a + 25 = -5*g, g + 16 = -2*a + q*a. List the prime factors of (2/(g/3))/(1/(-151)).
151
Let n(h) be the second derivative of 5*h**3 - 209*h**2/2 + 6*h + 3. List the prime factors of n(29).
661
Let j = 20631 - -571. List the prime factors of j.
2, 10601
Let r(j) = 4563*j**2 + 30*j + 10. What are the prime factors of r(-1)?
7, 11, 59
Let g = -617 - -619. Suppose 5*s + 3*c - 9069 = 0, g*s + 4*c - 3667 = -45. What are the prime factors of s?
3, 5, 11
Let u be (1/4 + 1)/((-2)/(-24)). Let l be (3 - 35/u)*(-6)/4. What are the prime factors of (-3 + l)/4 - (3 - 139)?
3, 5
Suppose 3*n = 5*r - 6*r + 44, -n + 5*r + 4 = 0. List the prime factors of (n/21)/((1 - 0)/852).
2, 71
Let b = -38 + 571. What are the prime factors of b?
13, 41
What are the prime factors of (-2)/12 + (-420520)/(-240)?
2, 3, 73
What are the prime factors of (-2516)/(-111)*(715/(-30))/(1/(-9))?
2, 11, 13, 17
Let w be 67216/40 - 10/25. Let v = w - 951. What are the prime factors of v?
3
Let u = -355 - -45. Let s = u - -175. Let x = 247 + s. List the prime factors of x.
2, 7
Let q = 113 - 52. Let o = -856 + 840. Let a = q + o. List the prime factors of a.
3, 5
Let c be (-34601)/(-28) + (-3)/(-12). What are the prime factors of (-4)/((0 - -2)*(-12)/c)?
2, 103
Let w(u) = 10*u**2 + 4*u + 5. Let m be w(-1). Suppose 543 = -m*c + 6769. List the prime factors of c.
2, 283
Let n be (15/(-5) - 7)/((-2)/1488). Suppose -n = -k - 11*k. List the prime factors of k.
2, 5, 31
Suppose -6*w = -0*w - 12. Suppose w*v = 3*s + 12, -3*v + 26 + 26 = 4*s. Let q = v - -140. What are the prime factors of q?
2, 19
Let c be (13 - 5) + (-1*2 - 0). Suppose -2*p + c*p = 196. Let a = p - -122. List the prime factors of a.
3, 19
Suppose 5*d = -0 - 15. Let z be 265/(-3) + 2/d. Let c = z + 154. What are the prime factors of c?
5, 13
Let n(w) = -60*w - 90. Let r(y) = -1. Let s(z) = n(z) - 4*r(z). List the prime factors of s(-4).
2, 7, 11
Suppose 6*u = -0*u + 18. Suppose 0 = u*i - 63 - 3. List the prime factors of i.
2, 11
Let v = -900 + 1269. Let t = v - -545. What are the prime factors of t?
2, 457
Let m(f) = 354*f + 4990. List the prime factors of m(91).
2, 71, 131
Let q(t) be the second derivative of -t**3/3 + 10*t**2 - 4*t. Let j be q(9). Suppose 0 = -2*a + 5*x + 143, -j*x = 3*a - 280 + 75. List the prime factors of a.
3, 23
Let s be (610/8)/5 + (-2)/8. Let t be ((-35)/s + 2)/(1/(-24)). Let b(z) = z**3 - 6*z**2 + 7*z - 7. What are the prime factors of b(t)?
3, 59
Suppose -5*l = 5*o + 10, -o + 58*l - 10 = 61*l. Suppose -4*t = 16, 0 = -o*u + t - 4*t + 1822. What are the prime factors of u?
7, 131
Let z be (-12)/42 - (-46480)/98. Suppose 2*b + 494 = 2*d - 442, d + 5*b = z. What are the prime factors of d?
7, 67
Let d be 96/(-20)*((-20)/(-4) - 65). Suppose 5*i = 4*z + 9, 17 = 3*i + 3*z - 10. Suppose -i*t - d + 828 = 0. What are the prime factors of t?
2, 3
Suppose 10230*v + 20733 = 10233*v. List the prime factors of v.
6911
What are the prime factors of 4 + (10 - 9 - -4*118)?
3, 53
List the prime factors of (-4 + 29)*(1 + -6 - (-717 - -3)).
5, 709
Let c be (10/2)/5*0/(-2). Suppose c = -5*y + 6*y - 1251. What are the prime factors of y?
3, 139
Suppose 21*m = 26*m. Suppose -3*y + 2745 = 2*y + 5*k, -4*y + 3*k + 2224 = m. List the prime factors of y.
7, 79
Let q(i) = 5*i. Let n = 48 - 46. Let h be q(n). Suppose f - 31 + h = 0. List the prime factors of f.
3, 7
Suppose -2*k = y + 5, -y + 15 = -0*k - 2*k. Suppose 459 = y*p - 81. Let x = p - 32. List the prime factors of x.
2, 19
Let n(u) = -1848*u**2 + u. Let r be n(1). Let k = 1193 + r. What are the prime factors of (5 - k/30)/(1/5)?
2, 67
Let v be ((-20)/15*3)/((-4)/62). Suppose 0 = v*b - 68*b + 2526. What are the prime factors of b?
421
Let h be -3 + (-6)/(30/235). Let f = h - -60. Let r(n) = n**2 + 5*n - 38. What are the prime factors of r(f)?
2, 7
Suppose 585*s - 575*s = 66930. What are the prime factors of s?
3, 23, 97
What are the prime factors of 60*(-11)/(-132)*786?
2, 3, 5, 131
Let h(k) = k**2 + 6*k + 16. Let i be h(-4). Suppose -10*n + 5*r = -i*n - 957, 4*n - 1984 = -4*r. What are the prime factors of n?
491
Suppose 4*y - 2*c + 4 = 0, 5*y + 14 = 4*c + 6. Let m be -21*4 - (6 - 5)*1. List the prime factors of ((y - -3) + m + 3)/(-1).
79
Suppose 0 = y + 5*d + 20, 3*y + 2*d + 0 = 5. Suppose y*l - 11 - 4 = 0. Suppose 5*s + 7*t - 2*t - 645 = 0, -253 = -2*s + l*t. What are the prime factors of s?
2
Let a(f) = -4*f - 10. Let r be a(-4). Suppose 3*y + r*y = 99. Let x(k) = -k**2 + 12*k + 11. What are the prime factors of x(y)?
2, 11
Suppose -3*c = 158 + 10. Let g = c + 125. Let f = g + 72. What are the prime factors of f?
3, 47
Let s(g) = -2*g**3 - 3*g**2 + 7*g - 5. Let i be s(-4). Let d = -42 + i. List the prime factors of (5 + -1)/20 - (-394)/d.
79
Let d = 128 - 128. Suppose -11*h + 8*h + 750 = d. What are the prime factors of h?
2, 5
Suppose 18814*v = 18825*v - 18755. What are the prime factors of v?
5, 11, 31
List the prime factors of ((-161)/(-28) - 5)/((-4)/(-198160)) + 2.
73, 509
Let j = 70 + -80. Let u be (488/j)/((-4)/10). Suppose -5*x + u + 183 = 5*r, r - 3 = 0. What are the prime factors of x?
2, 29
Let o = 299 + -296. Suppose 0*r = -3*h - o*r + 105, 0 = 2*h - 5*r - 77. What are the prime factors of h?
2, 3
Let z = -707 + 712. Suppose -2*s + 2503 = -0*t + 3*t, 0 = -s + z*t + 1271. List the prime factors of s.
2, 157
Let d = 184462 - 130404. What are the prime factors of d?
2, 151, 179
Let l = 33359 - 11140. What are the prime factors of l?
17, 1307
Suppose -13 = -3*w + p, 2*w + 205*p - 200*p = 20. Suppose 7*q - w*q - 4*a - 3918 = 0, -7836 = -4*q + 2*a. What are the prime factors of q?
3, 653
Let c = 66 + -51. Suppose -51 = -9*w - c. Suppose 2*l - 584 = -2*l - k, -5*l - w*k + 719 = 0. List the prime factors of l.
3, 7
Let j = -42 + 46. Suppose d + j = 18. What are the prime factors of (d/(-5))/(8/(-60)*3)?
7
Suppose -70552 = 3*x - 10*x + 6553. What are the prime factors of x?
5, 2203
Suppose 3*i - 57615 = 3*o, -i - 3*o = -7830 - 11351. What are the prime factors of i?
73, 263
Suppose 0 = 14*t - 97144 - 13190. What are the prime factors of t?
3, 37, 71
Let a(x) = -51*x + 76. Let w = 178 + -182. What are the prime factors of a(w)?
2, 5, 7
Let m(x) = -x + 22. Let q be m(20). Suppose -4*i = -i - q*w - 804, 4*i - 1083 = -w. List the prime factors of i.
2, 3, 5
Suppose 0*f = 8*f - 64. Suppose 4*s = f*s - 8. Suppose -s*h + 165 = 5*w, 5*w - 4*h - 130 = h. List the prime factors of w.
31
Suppose 23*k - 8 = 19*k. Suppose 844 = k*v + 190. List the prime factors of v.
3, 109
Suppose 2*w + 8334 = g, -6*g + 4*w - 2*w + 50064 = 0. What are the prime factors of g?
2, 3, 13, 107
Let v = 46198 - 32292. List the prime factors of v.
2, 17, 409
Let v(c) = 10*c**2 - c**3 - 78*c + 10 + 115*c - 54*c. Let d be v(8). Suppose 3*g = -d*t - 0*t + 153, 5*t + 4*g = 365. What are the prime factors of t?
3, 23
Let i = -1632 - -3408. Suppose 3*t - i = -t. List the prime factors of t.
2, 3, 37
Suppose -12*g = 7*g - 42988 - 97175. What are the prime factors of g?
3, 2459
Suppose -3*z = 3*n - 150, 4*z - 245 = 7*n - 12*n. Let m be (250/(-9) - 2) + (-10)/n. What are the prime factors of (18/(-8))/(m/80)?
2, 3
Let l(z) = -42*z**3 + 1 + 1 - 36*z**3 - 1 + 2*z. Let a be (31 + -33)*2*2/8. List the prime factors of l(a).
7, 11
Suppose 0 = -4*s + 5*s + 12. Let a = -2 - s. Suppose a*v + 3*v = 663. What are the prime factors of v?
3, 17
Let z(r) = -r**3 - 9*r**2 - 19*r - 4. Let n be z(-6). Suppose 6*w = n*w + 520. Suppose -w = -h - 5*y,